1109 - d. Is z a prime number?
False
Let y = -72 + 50. Is 4/y + (-2235)/(-11) a composite number?
True
Is (-102830)/(-10) - (-8)/(-2) prime?
False
Let w(i) = -7*i**3 - 2*i**2 + 1. Let m be w(-1). Let t(l) be the second derivative of 2*l**4/3 - 2*l**3/3 - 5*l**2/2 + 56*l. Is t(m) composite?
True
Let i(w) = 29*w**3 + 3*w**2 + 3*w - 10. Let u be 0 + (-1 - -1) - (-19 - -16). Is i(u) a composite number?
False
Is (0 - -1) + -3 + 1716 + 7 prime?
True
Let h(x) = 5*x**2 - 3*x + 0 - 1 - x**2. Let w = 10 - 12. Is h(w) composite?
True
Let t = 24 + -24. Suppose t = -2*z + 5*z - 18024. Is ((-4)/(-8))/(4/z) composite?
False
Let x be (-3)/(-6) - (-18)/4. Suppose 553 = 3*h - x*j, -j - 2*j - 6 = 0. Is h a composite number?
False
Suppose -v + 4 = 1. Suppose 4*s - 1228 = -t, 2*s + v*t + t = 614. Is s composite?
False
Let y be (-4 - (-7 - -2))*8. Let o(a) = -2*a**3 + 12*a**2 - 15*a + 13. Let n(g) = g**3 - 6*g**2 + 7*g - 7. Let m(r) = 5*n(r) + 2*o(r). Is m(y) composite?
True
Let x(n) = 2*n + 12. Let s be x(-8). Let a = 4 + s. Suppose 3*r - 5*t + a*t = 347, r + 3*t = 125. Is r a composite number?
True
Let o = 11 - 8. Let g = o + 2. Suppose -l + 180 = -2*z - 67, -1263 = -g*l - 4*z. Is l composite?
False
Let g(v) = 23*v - 17. Let z be g(7). Is z + 3/(0 + -3) a composite number?
True
Let t be (474/(-8))/(6/(-48)). Let s = t - 261. Is s composite?
True
Suppose 0 = -5*c - 2 - 38. Let m(v) = -4*v**2 - 14*v + 8. Let d(u) = -7*u**2 - 29*u + 17. Let s(l) = 3*d(l) - 5*m(l). Is s(c) composite?
False
Suppose 0 = 8*u - 283614 + 27958. Is u a composite number?
False
Suppose 5*g = -5*j + 10, j + g - 3*g - 17 = 0. Let u(h) = 17*h - 2. Let r(x) = 86*x - 10. Let n(f) = -2*r(f) + 11*u(f). Is n(j) a composite number?
False
Let p = -611 + 1432. Is p prime?
True
Let r = 6 + 180. Suppose 0 = -h + 7*h - r. Is h a prime number?
True
Let c(s) = -693*s + 571. Is c(-12) prime?
True
Is (696/(-5) + 1)/(15/(-3075)) composite?
True
Let f = -80 - -334. Is f prime?
False
Suppose 4*j = -5*d + 14571, 3*j - 1842 - 3992 = -2*d. Is d a composite number?
True
Let v(f) be the third derivative of -1/2*f**3 + 0*f + 17/12*f**5 + 0 + 14*f**2 + 0*f**4. Is v(2) a prime number?
True
Suppose -k = j + 3*k - 295, -5*k = 4*j - 1180. Let h = 301 + -109. Let b = j - h. Is b a composite number?
False
Suppose k + 12 = 2. Let i(o) = o**3 + 22*o**2 + 4*o + 5. Is i(k) composite?
True
Let z = 3801 + 3490. Is z composite?
True
Let r be (0/4)/(-2 - -3). Suppose 4*g + 8 - 4 = r. Let s(c) = -889*c. Is s(g) a composite number?
True
Let t = -77 + 47. Let x = 24 + t. Let g = 25 + x. Is g a composite number?
False
Suppose -96318 = -79*m + 61*m. Is m a prime number?
True
Suppose -x - 18 = -4*b, 0 = -2*x - 0*x - 3*b + 19. Suppose -x*f = 5*h - 18, 5*h = -3 + 13. Suppose 31 = -f*r + 935. Is r a prime number?
False
Let y = 1027 - 366. Let m = y - 272. Suppose m = 3*s - 4*h, s - 5*s = -h - 510. Is s a prime number?
True
Let i be (1 - 2) + 15/3 + -2. Suppose -i*u = -2*m - 1990, -3*u + 987 = -2*u + m. Is u a prime number?
True
Suppose 9*m - 13*m + 3496 = 0. Let c = 1265 - m. Is c a composite number?
True
Let y(u) = -u**2 + 18*u - 18. Let a be y(17). Is -2 + a + 1 - -49 a prime number?
True
Suppose -4*w - 7 = -51. Let p = -11 + w. Suppose 2*a + p*a = 3*n - 67, 0 = 5*n + 2*a - 133. Is n prime?
False
Let d = 156472 - 75419. Is d a composite number?
True
Suppose -29*h = -24*h - 55. Suppose -h*a + 14*a - 186 = 0. Is a prime?
False
Suppose 3 = -5*n - 3*a + 35, -3*n - 4 = -4*a. Suppose 6*f = 3*f + 2*v + 8339, 5*v + 11128 = n*f. Is f prime?
True
Let l = 1111 - -1251. Is l a composite number?
True
Is (-4)/(0 - -2)*(-1873497)/106 a prime number?
False
Let h(z) = -32*z - 5. Suppose 0 = -3*i + 8*i - 220. Suppose 4*d = -2*q + 7*q - i, -3*q = 3*d + 6. Is h(d) prime?
False
Let r(d) = -1. Let b(w) = 31*w - 7. Let h(k) = b(k) - 4*r(k). Let g be ((-135)/(-18))/((-6)/(-8)). Is h(g) a prime number?
True
Let z(b) = -10*b - 3. Let l(u) = -47*u - 15. Let n(j) = -2*l(j) + 11*z(j). Suppose 4*m - 3*t = -35, -5*m + 5*t = 27 + 23. Is n(m) prime?
False
Suppose 83*v - 89*v + 154218 = 0. Is v a prime number?
True
Let y = -1 + -4. Let u = y - -7. Is -62*(u - 10/4) a composite number?
False
Let i be 4/14 + (-144)/63. Let t be (-4)/(i - -10)*-30. Is 421 + (-5)/(t/6) a prime number?
True
Suppose c - 8 + 2 = 0. Let b(v) = 13*v**3 - 20*v**2 - v + 4. Let x(s) = -9*s**3 + 13*s**2 + s - 3. Let n(t) = 5*b(t) + 7*x(t). Is n(c) prime?
False
Suppose 5*q = -w - 137, q - 428 = 4*w - 3*q. Let t = w - -273. Is t a composite number?
True
Let g = 1587 - 452. Is g prime?
False
Let f(g) = -144*g + 6349. Is f(0) composite?
True
Let g = 146 - 149. Let y(d) = -d**2 + d. Let z(a) = 64*a**2 + 4*a - 7. Let h(b) = -2*y(b) + z(b). Is h(g) a prime number?
False
Suppose 4*a = -4*a + 2000. Suppose -a = 5*o - 3*t - 1043, 2*o + 2*t = 330. Is o prime?
False
Let v = -1 - 1. Let q be 378 + v - (-9 - -6). Let y = q + -86. Is y a prime number?
True
Suppose -4*f + 24 = -3*i + 3, -5*f + 2*i = -21. Suppose -2*b + 7 = f. Suppose 0*z - 118 = -b*z. Is z composite?
False
Let c(k) = -k**2 - k + 11. Let r be c(-6). Let v = -17 - r. Is ((-4)/(-6))/(v/273) prime?
False
Let r = 395 - 119. Suppose f + r = 4*w - f, w + 2*f - 59 = 0. Is w a composite number?
False
Is 6 + 123774/(5 + 1) a prime number?
False
Let d(b) = -b**3 - 9*b**2 - 4*b - 7. Let n be d(-8). Let i = n - -81. Suppose -2004 = -46*p + i*p. Is p composite?
True
Let n be (2/3)/(6/(-639)). Suppose -5*j - 600 = -j. Let v = n - j. Is v prime?
True
Let m(b) = 3*b + 33917. Is m(0) a composite number?
True
Let l = 163 - 14. Let f = -74 + l. Suppose -3*x = 2*x - f. Is x a composite number?
True
Let k = -65 - -114. Let c(s) = -11 - 7*s + k*s + 0. Is c(5) prime?
True
Let x(r) = r**2 - 2*r + 10. Let a be x(0). Let c(v) = 3*v**3 - 2*v**2 - 19*v - 5. Is c(a) prime?
False
Let t(s) = -20*s**3 + 1. Let p(o) = -o**2 + o. Let d be p(-1). Is t(d) prime?
False
Suppose -214 = 2*s + 328. Let u = -525 - s. Let x = 489 + u. Is x a prime number?
False
Suppose 0 = -7*o - 11*o + 81522. Is o prime?
False
Is 371/14*(-268)/((-4)/2) a prime number?
False
Is (4 - (-99)/27)*471 a composite number?
True
Suppose 3*a - 5*l + 1130 = 0, 4*a - 4*l + 2050 = 554. Let m = 1652 + a. Suppose 0 = -5*z + m - 227. Is z composite?
False
Let a = -36 + 39. Is 234 + ((-21)/6 + a)*2 composite?
False
Let l(q) = 11*q**2 - 21*q - 1. Is l(-16) a prime number?
False
Suppose 0 = -9*p - 5*p + 30646. Is p a composite number?
True
Let r = 24 - 25. Let p be -1*((1 - r) + -4). Suppose p*h - 71 - 183 = 0. Is h a prime number?
True
Suppose -15 = -5*v, -2*v - 2*v + 87 = 5*n. Suppose l - 3*l + n = 3*i, -3 = -i. Suppose 598 = 4*f - 2*b, l*b = 4*f - 449 - 150. Is f composite?
False
Let p = -21 - -9. Let y = 14 + p. Let o(i) = 130*i - 3. Is o(y) a prime number?
True
Is (-7 - (-1713)/6)/(2/20) composite?
True
Let t(m) = -m**3 + 17*m**2 - 48*m + 89. Is t(-22) prime?
True
Let i(p) = 538*p**2 + 10*p - 11. Is i(3) composite?
False
Suppose -4*u = -4*k - 30868, -k - 3*u = -1910 + 9615. Let n = -2409 - k. Is n composite?
True
Let p(k) = 2043*k + 14. Suppose -12 = -2*l + 3*z, -23 = -5*l + z + 3*z. Is p(l) prime?
True
Let j(c) = -c**2 - 13*c + 20. Let w be j(-14). Is w/4*(-2876)/(-6) a composite number?
False
Let b be (-10866)/(-9)*-3*9/(-6). Suppose 53*x = 50*x + b. Is x prime?
True
Suppose 0*v - 4*x + 20 = -4*v, 4*x = -v + 10. Let y be ((-3)/9)/(v/12). Suppose 36 = w + m, 3*w - 21 = y*w + 2*m. Is w a prime number?
True
Suppose -5*i = -2*h - 428 - 146, -h = -2*i + 229. Is 5 + i - -1 - (-1)/(-1) a prime number?
False
Is (-255108)/18*(-12)/8 prime?
False
Let x = -75 - -80. Suppose 3*u - x*s = 5939, -12 = 2*s + s. Is u a composite number?
False
Suppose 0 = 3*b - 5*b + 2902. Suppose -4*z = -3*r + b, 2*r + 3*z = 544 + 446. Is r composite?
True
Let p be (75/(-15))/(((-3)/(-4))/(-3)). Is (-876)/(-15) - 8/p a composite number?
True
Let n(k) = 188*k**3 - 2*k**2 + 4*k - 5. Let h(o) = 188*o**3 - o**2 + 3*o - 4. Let j(d) = -4*h(d) + 3*n(d). Is j(-1) composite?
True
Let p = -6 - -13. Let x(i) = 29*i + 6. Let j be x(p). Is 1*j + (-5 - -5) a composite number?
True
Let n(r) = 1555*r + 181. Is n(6) prime?
True
Let h(r) = r**2 + 2*r + 1. Suppose 4*k - 31 - 9 = 0. Is h(k) a prime number?
False
Suppose 3*s - 11376 = -3*w, 4*s - 3*w - 3804 = 3*s. Suppos